31
Let u = 23 + -21. Suppose -u - 28 = -5*n. Suppose 3*p = 3*r - 24, 4 = -5*p - n. What are the prime factors of r?
2, 3
Suppose -10 + 4 = 3*j. What are the prime factors of (-3)/(12/(-100)) - j?
3
Let j(h) be the third derivative of -h**4/8 + 12*h**2. What are the prime factors of j(-1)?
3
Suppose -w + 1 + 1 = 0. Suppose 0 = 2*j - w - 6. Suppose 5*s - 80 + 19 = -j*p, -2*p = 2*s - 26. List the prime factors of s.
3
Let a be 1/(-3) + 1387/57. Let h = a + -76. Let g = -30 - h. What are the prime factors of g?
2, 11
Suppose 0 = 7*z + 55 + 29. List the prime factors of 4/z*(0 - 138).
2, 23
Suppose 94*l + 807 = 97*l. List the prime factors of l.
269
Let k = 210 + -139. What are the prime factors of k - 1 - (0 - 1)?
71
Let c = 10 + -1. Let p = c - 7. Suppose 3*y + 4*j + 48 = 165, -2*y + p*j + 64 = 0. What are the prime factors of y?
5, 7
Suppose -13*f = -8*f + 25, -3*i + 3142 = -5*f. What are the prime factors of i?
1039
Let g(k) = -k + 16. Let c be g(13). What are the prime factors of 32/c - 4/6?
2, 5
Let s = 4858 - 2403. List the prime factors of s.
5, 491
Suppose 0 = -8*g + 9*g - 25. Let z = g + -58. What are the prime factors of 38/3 - 11/z?
13
Let o(n) = -n**3 + 21*n**2 - 6*n + 33. What are the prime factors of o(10)?
29, 37
Suppose -15*r = -3*r - 8376. List the prime factors of r.
2, 349
Suppose 5*y = 4*g + 10297, 7*y + g = 11*y - 8231. List the prime factors of y.
11, 17
Let x = 0 + 2. Suppose -x*g + 96 = g. Suppose -y = -5*y + g. What are the prime factors of y?
2
Suppose 4*p - 1 = 3. Let m be ((-12)/(-8))/(p/2). Suppose -2*f + 2*q = 4*q - 28, -q - 46 = -m*f. What are the prime factors of f?
3, 5
Suppose -5*g - 319 = -4*f + 154, -464 = -4*f - 4*g. Let a be f/7 - (-4)/14. Suppose m - 50 = -a. What are the prime factors of m?
3, 11
Let f(z) = 21*z**2 - 2*z + 1. Let i be f(1). Let b = i + -16. Suppose -12 + 80 = b*t. List the prime factors of t.
17
Let z = 9289 - 3436. List the prime factors of z.
3, 1951
Suppose -21*v + 23*v - 708 = 0. List the prime factors of v.
2, 3, 59
Suppose 85*x = 28*x + 127452. What are the prime factors of x?
2, 13, 43
Suppose 4*b - b - 5*j - 318 = 0, -5*b + 511 = -2*j. Suppose -5*u = 7*i - 3*i - b, -5 = -u. List the prime factors of i.
19
Let j = 11 - 9. Suppose -3*o = j*o + 105. Let w = o - -46. What are the prime factors of w?
5
Let z(h) be the second derivative of -5*h**3/6 + 5*h**2 + 5*h. Suppose -25 = 5*u + 5. List the prime factors of z(u).
2, 5
Suppose -3*w = 3*z - 27, -18*z = -15*z + w - 29. List the prime factors of z.
2, 5
Let k(u) = 100*u + 204. List the prime factors of k(10).
2, 7, 43
List the prime factors of ((53340/8)/7)/(-3)*-2.
5, 127
Let f(g) = g**3 + 10*g**2 + g + 10. Let c be f(-10). Suppose 0 = -5*p - 3*d + 309, 5*p - 2*p - 5*d - 199 = c. What are the prime factors of p?
3, 7
Suppose g - 1010 = -4*g. Suppose 505 = 5*i - f, 0*i = 2*i + f - g. What are the prime factors of i?
101
Suppose 0 = -5*d - 20, 4*b - 6*b + 2*d + 982 = 0. List the prime factors of b.
487
Let l(s) = -5*s**2 - 16*s + 11. Let z(k) = -2 + 3*k**2 + 2*k**2 + 3*k - 5*k**2 + k**2. Let g(b) = 2*l(b) + 11*z(b). What are the prime factors of g(-2)?
2
Suppose 13*f = -21*f + 7446. What are the prime factors of f?
3, 73
Suppose 3*n = -4*o - 12, -o + 2*n + 3 = -5. What are the prime factors of 1 + -4 + 2 + (85 - o)?
2, 3, 7
Let i(u) = -53*u**3 - 1. Let r be i(-1). List the prime factors of 4/(-10) + 38*r/40.
7
Let x = -359 - -745. List the prime factors of x.
2, 193
Suppose t - 5 + 0 = 0. Suppose -8 = -q - t. Suppose 2*s + 119 = 3*g, q*g - 64 = 4*s + 45. What are the prime factors of g?
43
Suppose -11*a = 39*a - 124850. What are the prime factors of a?
11, 227
Suppose 122 - 462 = -4*r + 4*c, c = 5*r - 441. Let m = r - 29. What are the prime factors of m?
2, 3, 5
Suppose -1006 = -4*q - 166. Suppose q = 14*h - 9*h. What are the prime factors of h?
2, 3, 7
Suppose 31*c - 12116 = 11816. List the prime factors of c.
2, 193
Let i = -24 + 21. Let d be (-6)/(0 + i) + 0. Let p = 16 + d. List the prime factors of p.
2, 3
Suppose -s + 15 = 4*p - 19, 2*p = -2*s + 20. Suppose p*q = 3*q, 5*q = -5*z + 80. What are the prime factors of z?
2
Suppose -4*u - 2*b = -1434, -3*u + 356 = -2*u + 3*b. Let r = u + -163. List the prime factors of r.
2, 7
Suppose -2*i - i = 6, -2*f = 4*i - 128. Suppose -4*v = -6*v + f. Suppose -5*h = 3*t - 52, -3*h + 0*t = -t - v. What are the prime factors of h?
11
Suppose 131*f - 143*f = -11004. List the prime factors of f.
7, 131
Suppose 3*s + 5*f = 7*f + 2227, -5*f - 751 = -s. What are the prime factors of s?
3, 13, 19
Let d = 20 + -20. Let c(y) = 4*y**2 - 3*y - 60. Let w(t) = t**2 - t + 1. Let m(h) = -c(h) + 5*w(h). What are the prime factors of m(d)?
5, 13
Let r(c) = 0 - 3*c + 0 + 2*c**2 + 0. Let n be r(2). Let b = 13 + n. What are the prime factors of b?
3, 5
Let q be 9/(-12) - (-57)/12. Suppose -q*a = 3*j - 209, -j = -2*a + a - 65. List the prime factors of j.
67
Let g = -964 - -1643. What are the prime factors of g?
7, 97
Suppose -2*d = -0*d + 4. Let g be (1/d*0)/(-1). What are the prime factors of (2 - g) + 68/4?
19
Let q(v) be the third derivative of -v**4/12 + 5*v**3/3 - 20*v**2. What are the prime factors of q(-2)?
2, 7
Let i = 11762 + -6710. List the prime factors of i.
2, 3, 421
Let z = -133 - -211. Let r = z - 34. What are the prime factors of r?
2, 11
Let a(c) = 5 + c**3 + c**3 - 7*c**2 - 3*c**3. Let s be a(-7). Suppose 0 = -s*y - 2 + 37. List the prime factors of y.
7
Suppose -36*m = -55*m + 14079. What are the prime factors of m?
3, 13, 19
Let p be ((-12)/(-10))/(15/(-375)). Let r = p + 66. List the prime factors of r.
2, 3
Suppose 0 = 3*u - 5*u + 26. Let v = u + -11. Suppose 0 = a - v. What are the prime factors of a?
2
Let n be 1865/20 + 12/16. Suppose 8*o = 34 + n. What are the prime factors of o?
2
Let a = -6 - -23. Let n = -8 + a. Suppose -q + n + 11 = 4*u, -2*u - 4*q = 4. List the prime factors of u.
2, 3
Suppose -218 + 233 = 3*d. Suppose -9 = 4*a + 3, 29 = 5*w - 3*a. Suppose 135 = w*p + d*t, -4*p + 139 = -t + 2*t. List the prime factors of p.
5, 7
Let z = -461 + 834. What are the prime factors of z?
373
Suppose 1305 = -a + 6*a. Let s = a - 125. What are the prime factors of s?
2, 17
Suppose 0 = l - 4*d - 25, 0*l + 4*l - 2*d = 86. Let q be (-14)/49 - (-447)/l. List the prime factors of (-728)/q*(-6)/4.
2, 13
Let h be (-10 + 11)/((-2)/(-42)). Let y be (-2)/((-3)/h + 0). Suppose -t + y = -10. List the prime factors of t.
2, 3
Suppose -36*n + 20209 + 125159 = 0. What are the prime factors of n?
2, 3, 673
Suppose 4*r + 5*t - 3 = 35, -2*t - 40 = -3*r. Let q = 9 - r. What are the prime factors of 27*q/(-6)*2?
3
Suppose 3819 = 5*f + 2*i, -2*i = 8 - 2. What are the prime factors of f?
3, 5, 17
Suppose -11*r - 192 = -14*r. List the prime factors of r.
2
Let t be (-5 + 0)*130/(-2). Let j = t - 184. What are the prime factors of j?
3, 47
Suppose -3*t - o + 77 = t, 0 = -t + o + 13. What are the prime factors of t?
2, 3
Let k(h) = -135*h + 198. What are the prime factors of k(-5)?
3, 97
Suppose 0 = 2*b - 5*b - 30. Let t(u) = -u**3 - 11*u**2 - 11*u - 8. Let n be t(b). What are the prime factors of 15/n + 3/(-6)?
7
Let w(z) = z**3 + 4*z**2 + 2*z + 3. Let n be w(-4). What are the prime factors of ((-18)/n)/((-4)/(-30))?
3
Let a(w) = -w**3 - 7*w**2 - 9*w - 9. Let j be 16/4 + (1 - 2). Suppose j*i + 8 = -10. List the prime factors of a(i).
3
Let g(n) = n**3 + n**2 + 7*n + 15. What are the prime factors of g(0)?
3, 5
Let j = -19 - -32. Suppose s - j = -3*r, 4*r = -s - 3*s + 12. Suppose 2*y + 125 = r*b, -2*y + 6*y = -3*b + 49. List the prime factors of b.
23
Suppose 6*a - 58 = 38. Suppose s + s = -a. Let v(z) = -3*z + 5. What are the prime factors of v(s)?
29
Suppose -4*n = -2*r + 958, -11*n + 6*n - 494 = -r. List the prime factors of r.
7, 67
Suppose 0 = -3*h + 3*p - 7 + 1, 0 = 2*h + p - 8. Let v be (h - (15 + 0))*-2. Let x = v + 3. What are the prime factors of x?
29
Let a be 9/(-45) - 2176/(-5). Suppose -a = -5*f - 0*f. What are the prime factors of f?
3, 29
What are the prime factors of -5 - -1298 - 4*(-12)/(-8)?
3, 11, 13
Suppose -3*q + 1533 - 1314 = 0. What are the prime factors of q?
73
Let v(u) = -u + 172. Let g(w) = -3*w + 33. Let s be g(11). List the prime factors of v(s).
2, 43
Let u(q) = 3*q**2 - 11*q + 4. Let i